-6) + 4 + -1)?
-4
What is -12 - (11 - 15 - 1)?
-7
-10 - -3 - (-23 + 22)
-6
What is the value of -8 - (3 - (-1 - (-26 + 5)))?
9
(6 - -1 - 10) + 1 + 0
-2
What is -7 + 0 - -10 - -2 - 6?
-1
Evaluate (-8 - (0 + -7)) + 0.
-1
What is the value of -7 + -7 + 6 + (-1 - -5)?
-4
What is the value of 1 + (-3 - -3) + -2 - 0?
-1
What is the value of -9 + 7 - (-9 - (-1 - 2))?
4
-2 + 0 + 3 + (-1 - 0)
0
Calculate (3 - (10 - 5 - 5)) + -4.
-1
Calculate 3 - (0 - 3 - 1 - -2).
5
-3 - (1 - 2) - (4 + -3)
-3
What is (1 - -6) + 3 + 0 - 2?
8
Calculate -3 - (6 + -14 + (-2 - -2)).
5
5 + 0 + -1 + -5 + 1
0
What is 1 + -6 + (-1 - (9 + -8))?
-7
Evaluate -1 + 3 + (-27 - (-11 + -11)).
-3
What is 0 + 1 - 9 - (-6 + 2)?
-4
What is the value of (1 + -1 - -8) + -3?
5
Evaluate (0 + -2 - 1) + 5.
2
-2 + -7 + 4 + (-2 - -9)
2
Calculate (6 - 2 - (8 - 4)) + 2.
2
What is the value of (-18 - -17) + (-1 - 3)?
-5
Evaluate -17 + 15 - (3 + -7).
2
What is -1 + -2 + -3 + 10?
4
7 + -8 + 3 + (6 - 5)
3
What is the value of 9 - (1 + (-4 - -5)) - -1?
8
What is -3 + 5 + 2 + 3 + -2?
5
Calculate 7 - (10 + 14) - -10.
-7
Evaluate -13 - -15 - (4 + -5).
3
What is the value of (2 - (-3 - -5)) + -8 + 2?
-6
What is -11 + -3 + 8 - 9 - -6?
-9
What is 3 - (0 + 6 - 4 - -7)?
-6
What is 17 + -10 - (22 + -5 - 5)?
-5
What is 2 + -6 + 3 - 5?
-6
27 + -38 - (-1 - 6)
-4
Calculate (6 - 4 - 4) + 4.
2
What is 9 - (9 + -1 + -1 - 4)?
6
Calculate 7 + 2 - (-1 - -5).
5
(6 - (6 - 1)) + -1
0
Evaluate 0 + -1 - (-2 + 1).
0
Evaluate -10 - (-38 + 37 + (0 - 5)).
-4
Evaluate 8 - (0 + 4) - (-5 - -6).
3
-3 - -8 - (0 - 0)
5
10 - 4 - (-11 - -22)
-5
What is 2 + (-7 - (2 + 2 - 8))?
-1
What is the value of -1 - 1 - (-5 + (2 - 1))?
2
What is -2 + (5 + -2 + -5 - -3)?
-1
Calculate -3 - ((-2 - 1) + 2) - 1.
-3
What is 1 + 0 + -1 + -433 + 439?
6
What is the value of 2 - (-3 + (15 - 7))?
-3
Calculate (-5 - -5) + -12 + 10.
-2
What is the value of 6 + (-4 - 8 - -7)?
1
-1 - ((2 - 0) + -3)
0
Evaluate 3 - (-3 + 4 + 2 - -4).
-4
1 - 3 - 0 - (-42 + 42)
-2
(-5 - -15) + 1 + -7
4
What is -3 - (0 + -7 - 3 - -2)?
5
(7 - 14) + 13 + -4
2
Calculate (9 - 6) + (-6 - (1 - 3)).
-1
Calculate 4 - (5 - (-8 + 4)).
-5
0 + 4 - -2 - (2 - 0)
4
What is the value of -23 + 17 + 1 + 7?
2
-6 + 5 - -8 - 7
0
What is (11 - (-4 - -27)) + 8?
-4
3 + (-4 - (-3 - -4))
-2
Evaluate 4 + 1 + (-16 - -13).
2
What is the value of -1 + 6 - (-6 + 9)?
2
What is (2 - -1) + (0 - 13) + 7?
-3
5 - 1 - (3 - -7)
-6
What is 7 + -2 + 5 + -2 + -5?
3
(-13 - (-13 - -4)) + 11
7
3 + (9 + 1 + -5 - 2)
6
Calculate (4 - (-3 + 6)) + 1.
2
What is the value of -1 + 4 + 3 + (-6 - 0)?
0
3 + 1 - (23 + -16) - -2
-1
1 + -5 + -1 - -1 - 0
-4
Evaluate (-8 - (0 - -1)) + 4.
-5
Evaluate 5 + -12 + 11 + -11.
-7
What is the value of -1 + 3 + -3 + -4?
-5
-15 + 2 + 3 + 3 - -3
-4
Evaluate 4 - (-5 - -5 - -1) - -1.
4
Calculate 0 - (4 - (7 - 4)).
-1
Evaluate 3 + (-4 - -3) + -6.
-4
What is the value of 8 + -1 - (-3 + 6 + -6)?
10
What is the value of 1 + 4 - (4 - 4) - -1?
6
Calculate 5 + (-8 - (-6 - -1)) + 3.
5
What is -2 - -2 - -5 - 4?
1
Calculate 0 + 7 + 39 + -51.
-5
Calculate 13 + -12 - ((-3 - 1) + 3).
2
Calculate -23 - -19 - ((-10 - 0) + 1).
5
What is the value of 7 + -3 - 5 - (-4 + 2)?
1
What is the value of (0 - 7) + 2 - (-12 - -1)?
6
What is the value of (9 - 20) + 6 - (0 - 0)?
-5
Calculate 2 - (-2 - -3) - -4.
5
What is the value of -5 + -3 + 18 + -14?
-4
Evaluate (1 - -2 - (24 - 11)) + 2.
-8
What is (-6 - -10) + (-3 - 1) - 5?
-5
0 - (-2 - (-2 + (6 - 3)))
3
What is 3 + 2 + (-3 - -1) - 1?
2
-7 + 0 + (-19 - (-21 - 6))
1
-5 + (-3 - (-3 + -2))
-3
What is 0 - ((-15 - (-6 - 0)) + 4)?
5
What is 0 + 13 + -16 + 10?
7
What is the value of 6 + -1 + -1 + 7 + -7?
4
(-1 - (1 + 0)) + (-19 - -18)
-3
Evaluate 4 + (2 - 6) + 4 - 8.
-4
(-5 - (-21 - -19)) + 0 + -6
-9
What is the value of (132 - 120) + (-5 - -1)?
8
Calculate -8 - -3 - -4 - (-6 + -1).
6
What is the value of -22 + (24 - -6) - (11 + -1)?
-2
Evaluate -5 - (-3 - 2) - (-1 - 3).
4
What is 3 + -2 + -8 + -2 + 5?
-4
What is -2 - ((1 - 7) + 0 + 5)?
-1
-5 + (-6 - -11) + -8
-8
Calculate (-5 - -1) + 7 + -5 - -5.
3
-4 + 3 - 5 - -8
2
9 + (10 - 26) + 6
-1
What is the value of -7 + 10 + 2 + -10?
-5
What is (0 - -2) + -1 + -3 + -1?
-3
What is -5 + -1 + (12 - 10) + 8?
4
(3 - -8) + (-23 - -7)
-5
11 + 0 - (9 + -15 + 11)
6
Calculate 12 - 7 - (4 - 0).
1
(0 + 0 - (-1 - -2)) + -1
-2
(-1 - -8) + 54 + -63
-2
What is the value of -4 - ((4 - 5) + -6)?
3
7 - (6 + (0 - 4))
5
8 - (-1 + (1 + 3 - 0))
5
Evaluate 2 + -3 + (-10 - -12) + -1.
0
What is -11 + 14 - (-1 - -1)?
3
What is -5 + 2 + 1 + (-1 - -7)?
4
What is the value of -12 + (6 - -15) + -10?
-1
Evaluate -5 - (1 - 3 - 7).
4
Evaluate -8 + -2 + 0 + 10.
0
What is 7 - (4 - 5) - 6?
2
Calculate 3 + -3 - (-8 + -1 + 4).
5
What is -6 + 0 - (-12 + -2 + 14)?
-6
What is the value of -11 - (-5 - (13 + -13))?
-6
Calculate (-1 - -7) + (-6 - -4).
4
What is the value of (9 - 1) + -9 - 9?
-10
What is the value of 0 - -3 - 3 - 1?
-1
What is the value of -14 - -1 - (-2 + 3 - 6)?
-8
Evaluate 15 + -8 - (5 - -4).
-2
Calculate (6 - 2 - (7 + -4)) + -1.
0
Calculate 2 - (0 - -1 - (10 + -8)).
3
What is the value of 0 - 4 - (-1 - 1) - -7?
5
What is the value of -4 + -7 + 5 + 2?
-4
Calculate (0 - 4) + 14 + -14.
-4
What is the value of -6 + (-15 + 8 - -19)?
6
What is the value of -4 + 5 + (-2 - -4)?
3
Calculate -1 - ((-3 - -5) + -5).
2
What is the value of 17 - 1 - (-45 + 53)?
8
What is the value of -14 + 20 + (1 - 11) + 2?
-2
What is -1 + 9 + (54 - 67) + -3?
-8
Evaluate -7 - ((3 - 6) + 1).
-5
Evaluate (0 - -1) + (7 - 15 - -9).
2
What is (-12 - -12) + 4 + -11?
-7
Evaluate 6 - 3 - 6 - -5.
2
Calculate 2 - (-5 - -7 - (-2 - -3)).
1
What is (10 - 11) + (-4 + -1 - -9)?
3
What is the value of 1 + 3 + (-9 - -3) - -7?
5
Calculate (14 - 4) + -31 + 21.
0
What is the value of (-13 - (-32 - -8)) + -15?
-4
What is the value of 1 + -2 + 3 - (3 - 2)?
1
Evaluate 1 + -4 - (-10 + 5 + 4).
-2
Calculate (-15 - -11) + 1 + -2.
-5
Evaluate 2 + -1 + (0 - -1) + -4.
-2
(1 - -4 - 3) + -1 - 1
0
Evaluate -11 + (-6 - -13 - 6).
-10
What is (-1 - (-2 + -1)) + 3?
5
Calculate (-5 - (7 + -5)) + 13.
6
What is -5 + (-7 - -1 - -6 - 3)?
-8
Evaluate (2 - 3) + -1 + (11 - 9).
0
What is the value of (-3 - (1 + -3) - -3) + 0?
2
What is -4 - -1 - (15 + -20)?
2
What is the value of (0 + 0 - -2) + (-5 - -5)?
2
What is (6 - (9 - 4)) + -3?
-2
1 + (-4 - -4) + (-1 - 1)
-1
-1 + 6 - (37 - 39)
7
What is the value of -6 - (11 + -15) - 0?
-2
Evaluate -1 + -2 + (-3 - -4) + -4.
-6
What is (-2 - 0) + 1 + 1?
0
What is -2 - (-3 + (-1 - 2 - -6))?
-2
Evaluate 2 + -2 + -4 - (16 + -23).
3
Evaluate 2 - 1 - (-1 + -2 + 1).
3
What is the value of -5 - ((3 - 9) + 4)?
-3
3 - (0 + 0 + (-5 - -3))
5
What is the value of -4 + (4 - (2 - -1)) + -2?
-5
Evaluate 5 + -1 + 2 + 2.
8
Evaluate -6 + (-6 - (-5 - (4 - 5))).
-8
What is -5 + 6 + -1 - -2 - -1?
3
What is the value of (9 - 4) + -7 - (2 + 1)?
-5
Calculate 5 - (-2 + -4 + 6).
5
-5 + 16 + -6 + -6 + 9
8
Evaluate (-5 - 6 - -3) + 12 + 0.
4
Calculate 7 + 7 + -2 + -6.
6
What is (-6 - (8 - 5)) + 3?
-6
-10 - (-11 + 6 - 3)
-2
What is the value of 3 + -5 + 3 - -3?
4
-1 - -8 - (0 - 0 - -5)
2
Evaluate -3 - (-3 - (1 + -4)).
-3
What is the value of -9 - (-8 - (-6 + 1)) - -7?
1
-2 - -5 - (30 + -33)
6
-4 - (2 - 14 - (-3 + 0))
5
Evaluate -4 - (5 + -3 + -5).
-1
What is -2 + 1 + 0 + (1 - 2)?
-2
What is the value of -4 + (-4 - -7) + -3 + 0?
-4
(2 - (2 - -1)) + -1 + -1
-3
What is -33 - -34 - (2 + -2)?
1
What is the value of 12 - (2 - (-6 - -1))?
5
What is the value of -20 + 22 - (-4 - (-3 + -4))?
-1
Evaluate 1 + (-11 + 10 - (1 - 2)).
1
Evaluate 2 - (-2 - (-10 + 5 - -1)).
0
Calculate -7 + -7 + 4 - -10.
0
What is 28 - 23 - (6 + -3 + 2)?
0
What is the value of 2 + (3 - 10) + 2 - -4?
1
Evaluate -6 + 7 - (-1 - -4).
-2
Evaluate 4 + 0 - (-5 + (1 - -8)).
0
Evaluate 6 - (-6 + -1 + 14).
-1
Calculate 7 + (0 - (5 + 7)).
-5
Evaluate (7 - 4) + 0 - 2.
1
10 + (-6 - 3 - -4)
5
What is (-64 - -66) + -6 + 0?
-4
What is -4 - (-1 + -10 + 4)?
3
What is -6 + 7 - (-1 - -1)?
1
(133 - 133) + 7 + -2
5
Evaluate -4 + (4 - (-6 - -12)).
-6
Calculate 1 - 8 - (2 - 6 - -1).
-4
Calculate 7 - (-16 + 6 + 12).
5
Evaluate 6 - 11 - (1 - 7).
1
What is 12 + -5 - ((1 - 3) + 5)?
4
-5 + 1 - 0 - (0 - 0)
-4
2 - (4 - 4) - 7
-5
Calculate 5 + (0 - 1) + (-4 - 1).
-1
Calculate -6 + -2 + 11 + -5.
-2
E